 10. Let k(d) = 7*d**3 - 3*d**2 - 10*d - 7. Let h(a) = 7*k(a) - 5*z(a). Calculate h(-1).
1
Let u(l) be the third derivative of -l**4/8 + l**3/3 - l**2 + 20. Suppose 2*f + 7 = -5*c, -3*f = 4*c - c - 3. Give u(c).
11
Suppose -17 = -2*h - 13. Let u(s) = -4*s + 0*s**2 - s**2 + 10 - h + 0. Calculate u(-6).
-4
Let l(t) = t + 2. Suppose j + 0 = -4*n - 14, -3*j - 4*n = 34. Give l(j).
-8
Let q(y) = 3*y + 5*y - 10 + 0 + 12 - y**3 - 5*y**2. Give q(-6).
-10
Let d = 61 - 54. Let x(z) = -13 + d + 8 + 6*z - z**2 + 0*z. What is x(5)?
7
Let h(y) = -y**3 - y. Let z be (-2)/(-5) + (-2)/5. Suppose z = 3*x - 4*x. What is h(x)?
0
Let l(u) = u**3 + 4*u**2 - 2*u. Let s be (-1 - 8/6)/(23/(-69)). Suppose 14*t + s*t = -84. Determine l(t).
8
Let a(b) = 6*b. Let o = -65 - -69. Suppose n - o*w - 1 = 20, -3*w - 10 = 5*n. Determine a(n).
6
Let h(x) = -8*x**2 - 1. Let v(g) = 7*g**2 + 1. Let q(i) = 6*h(i) + 7*v(i). Let r = 11118 - 11115. Give q(r).
10
Let u(k) = 2*k - 23. Let t = -337 - -347. Give u(t).
-3
Suppose -a - 5*t = 15, 88*a - 83*a - 5*t - 75 = 0. Let k(m) be the second derivative of m**4/12 - 11*m**3/6 + 3*m**2 + m. What is k(a)?
-4
Let u = -110 - -57. Let t = u - -52. Let k(f) = -13*f**3 - 5*f**2 - 4*f + 1. Let p(r) = -r**3 - r**2 - r. Let n(a) = -k(a) + 6*p(a). Calculate n(t).
-7
Let g(l) be the third derivative of l**4/8 + 28*l**3/3 + 532*l**2. Give g(-16).
8
Let f(a) = -a**3 + 3*a**2 - a + 1. Suppose v = 4*r, 5*v - 3 = 4*r + 13. Suppose -11 = v*s - 19. Calculate f(s).
3
Suppose -3*q + 2*q + 4*o = -10, -5*q + o = -12. Let m(f) = -4*f + f + q*f + 0*f. Give m(1).
-1
Let w(y) = -42*y + 3. Let h(m) = 26*m - 2. Let k(o) = -8*h(o) - 5*w(o). What is k(-6)?
-11
Let o(t) be the first derivative of 16*t**3/3 + 836. Determine o(1).
16
Let d = 40 - 26. Let s = 14 - d. Suppose -6*v - 12 = w - 2*v, s = -4*w - 2*v - 20. Let z(b) = b**3 + 5*b**2 + 7*b + 4. Determine z(w).
-8
Let t(y) = -27259*y**2 + 5*y**3 + 27259*y**2 - 24*y**3 - 1. Determine t(1).
-20
Let y(m) = 2 - 4*m**2 - 8*m**2 - 14*m + m**3 - 25 + 2 - 2*m**2. Give y(15).
-6
Suppose -5*o + 21 = 3*d, 7*d + o - 35 = 2*d. Let t(f) = 2 + 4*f**2 + 6*f - 3*f**2 - 2*f**2. Let q be t(d). Let b(l) = l**2 + 3*l. Calculate b(q).
10
Let m(f) = 3*f**2 - 5*f + 3. Let n(s) = s**3 - 26*s**2 + 50*s - 45. Let c be n(24). What is m(c)?
15
Let z(k) = -1 - 3*k + 5*k - 4*k. Let a(x) = -3*x - 3. Let o(u) = 3*a(u) - 5*z(u). Let r be 16/36 - 40/90. Determine o(r).
-4
Let t(o) = -100*o - 2 + 21*o + 24*o + 28*o + 28*o. Suppose -3*r = r - 8. Determine t(r).
0
Let y(h) = -2*h + 3. Let k be (-2)/(-2*1*(-1)/(-16)). Suppose -k = -3*x + 5*f, -4*x - f = -3*x. Give y(x).
-1
Let c(l) = l + 7. Let q = 514 + -522. Determine c(q).
-1
Suppose 0 = -0*h - 2*h. Let d(c) = -c - 4. Let r be d(h). Let x(m) = 5*m**2 + 0*m**3 + 0*m**3 + 5*m + m**3 - 3 + 5. Calculate x(r).
-2
Let d(b) = 5*b + 6. Let w(r) = -7*r - 8. Let p(i) = 6*i + 7. Let k(z) = -3*p(z) - 2*w(z). Let v(c) = -5*d(c) - 6*k(c). What is v(0)?
0
Let v(y) = -9*y**2 - 192 - 183 + 14*y - 6*y + 354 - y**3. What is v(-10)?
-1
Let l be ((-205)/41)/(10/(-16)). Let y(w) = -w**2 + 6*w + 24. What is y(l)?
8
Suppose -5*m - 19 = -14. Let n(i) = -8*i**3 - 1. Give n(m).
7
Let u = 21 + -20. Let n(o) = 5*o**2 - o - 1. Let r be n(-1). Let j(h) = -r*h - 2*h + 2*h + 4*h + u. Determine j(-2).
3
Suppose -d = 2*d. Let a be (-119)/21 + (-2)/(-3). Let q = d - a. Let m(g) = g**2 - 6*g + 2. Calculate m(q).
-3
Let c = 39 - 36. Let w(y) = 6402 + 24*y - c*y - 6403. Calculate w(-1).
-22
Let u be (2 + 1/(-2))*6. Suppose u*f = 4*f + 25. Let z(l) = l + 12. Let q(v) = 4*v + 60. Let d(m) = q(m) - 5*z(m). Determine d(f).
-5
Let w(h) = 289662*h + 37 - 15 - 289663*h. What is w(16)?
6
Let i be ((-6)/30)/((-2)/40). Let j(t) = t**2 - 10*t + 4. What is j(i)?
-20
Let k(u) = -u**2 + u**2 + 47*u**3 - 98*u**3 + 7 + 5*u**2 + 52*u**3. What is k(-6)?
-29
Let v(a) be the second derivative of -7*a**3/6 + a**2/2 + 32*a. Give v(1).
-6
Suppose 5*w - 33 = 4*j, 17 = -j + w + 2*w. Let z(a) = a - 1. Let x(f) = 2. Let n(k) = 1. Let l(s) = 11*n(s) - 4*x(s). Let c(y) = j*l(y) - 3*z(y). What is c(-5)?
12
Let k(l) = -2 - 2 - 11 - 23*l**2 + 6 - 2. Let c(n) = 8*n**2 + 4. Let h = 0 + 11. Let z(o) = h*c(o) + 4*k(o). Calculate z(-2).
-16
Let u(q) = -q**2 - 15*q - 28. Suppose 4*a - h = -51, -h + 2*h = -4*a - 53. Let d be u(a). Let t(i) = -2*i**2 + 4 + 5*i**3 - 2 + i - 6*i**3. Calculate t(d).
0
Suppose z + 5*n = 20, z - 5*n - 13 = -43. Suppose 3*s - 5*s + 6 = 0. Let b(i) = -5*i**2 + 6*i**2 + 3*i + 2 + s*i. Give b(z).
-3
Let v(k) = k + 1. Let w(l) be the second derivative of l**4/12 + 11*l**3/6 + l**2 - 9*l. Let t(g) = -4*v(g) + w(g). Let y be (-23)/5 + 2/(-5). Determine t(y).
-12
Let t(h) = 2*h - 13. Let b be 14 - 55/(-22)*(-4)/10. Give t(b).
13
Let p(x) be the first derivative of -x**3 - 9*x**2/2 + 5*x - 5. Let a(o) = 2*o**2 + 6*o - 3. Let v(i) = 7*a(i) + 5*p(i). Let l = -4 - -1. Determine v(l).
4
Let l(z) = 908*z**3 - 907*z**3 + 7 - 2 - 4 + 3*z - 4*z**2. Determine l(3).
1
Suppose -8 = 3*g - 5*v, -3*g + 4*g = -2*v + 1. Let j(x) = 21*x**2 + x. Give j(g).
20
Let m(f) = 13*f + 6. Let t(a) = -68*a - 29. Let z(v) = 11*m(v) + 2*t(v). Determine z(-6).
-34
Let r(z) = z + 7. Let k(v) = 2*v + 3. Let u be k(4). Suppose 23 = -3*t + u. Let d(c) = -2*c - 15. Let o(m) = t*d(m) - 9*r(m). Determine o(0).
-3
Let d(i) = -i**3 + 5*i**2 - 2*i + 1. Suppose -3*f - 38 = -3*v + 46, f + v + 22 = 0. Let m = -29 - f. Let x be -4 - (-1 + m + -4). Determine d(x).
-9
Let o(s) = -2*s - 9. Suppose 3*i - 64 = 17. Suppose 5*w - c + 43 = -3*c, 5*w + i = 2*c. Calculate o(w).
5
Let q(p) = 11 + 15*p**2 - 28*p**2 + 5*p + p**3 - 28 + 15 + 12*p**2. What is q(4)?
66
Let a(p) be the first derivative of -p**4/24 - 9*p**2 - 23. Let f(t) be the second derivative of a(t). Determine f(-4).
4
Let u be ((-1)/4)/((-46)/736) + 1. Let w(n) = 5*n**3 - 30*n**2 + 9*n + 51. Let t(a) = -a**3 + 6*a**2 - 2*a - 10. Let q(y) = 11*t(y) + 2*w(y). Determine q(u).
-3
Suppose 11*m - 368 + 258 = 0. Let s(f) = -f**3 + 12*f**2 - 20*f - 2. What is s(m)?
-2
Let p be 3/(2/(30/9)). Let f(j) = -j**3 + 4*j**2 + j - 4. What is f(p)?
-24
Suppose 5*r = -3*s - 10, -4*s + 7*s - 5*r = 10. Suppose 0 = -4*j - 5*h - 7, -5*j + s*h + 1 = 3*h. Let t(q) = -3*q - 1. What is t(j)?
-7
Let t(l) = 2*l**3 - 14*l**2 - 9*l + 45. Let x be t(7). Let k(n) = -2*n - 36. Determine k(x).
0
Let q(x) = x**2 + 2*x - 2. Let u be q(-4). Let y(w) = w - 2. Let n = -34 - -30. Let m(t) = 2*t - 5. Let v(b) = n*m(b) + 7*y(b). Determine v(u).
0
Suppose 3*p - 4*p = 0. Let t(a) = -5*a**2 - 5*a**2 + 3*a - 4*a - 5 + 11*a**2. Determine t(p).
-5
Let l(w) = -w - 1. Let c(o) = -4*o - 5. Let p(d) = -c(d) + 3*l(d). Let n = 6 + -1. Suppose -n*h - 2*m + 8 = -h, -12 = -3*m. Calculate p(h).
2
Let q(g) = -g**2 + 3*g. Let x be (2/(-7))/((-172)/28 - -6). What is q(x)?
2
Let i(y) = 14*y**3 - 36*y**2 + 6*y - 16. Let h(s) = -5*s**3 + 13*s**2 - 2*s + 5. Let q(w) = 17*h(w) + 6*i(w). What is q(5)?
-1
Let s(n) be the second derivative of n**3 + n**2/2 + 157*n. What is s(2)?
13
Let c(h) be the first derivative of -h**4/4 - 4*h**3/3 - 2*h**2 - 4*h - 244. Determine c(-4).
12
Let h(m) = -5*m**2 + 2*m + 1. Let s = 70 - 59. Let a be 1/2*(-13 + s). Give h(a).
-6
Let j(v) = -v**3 - v + 8. Let w be j(0). Let f(s) = -s + 9. Let u be f(w). Let z(l) = l + 5 - u - 3 - 2. Determine z(2).
1
Let c(m) = 16*m**3 + 15*m**2 - 11*m - 5. Let w(f) = -9*f**3 - 8*f**2 + 6*f + 2. Let u(a) = -4*c(a) - 7*w(a). Suppose -4*j + j - 12 = 0. Determine u(j).
-2
Let d(f) = 4*f - 4. Let g be (-13)/11 - (240/(-110))/12. Calculate d(g).
-8
Let p(d) = -d**2 + 6*d + 8. Let l be -10 + (1 - 3) + 3. Let n(a) be the third derivative of -a**4/12 - 2*a**3 - 17*a**2. Let u be n(l). Give p(u).
8
Let s(h) = -h**2 + 9*h + 11. Suppose -2*v + k = -0*v - 21, -5*v + k = -57. Calculate s(v).
-25
Let b(h) be the second derivative of 5/12*h**4 + 7*h + 0*h**2 + 0*h**3 + 0*h**5 + 1/720*h**6 + 0. Let k(x) be the third derivative of b(x). Determine k(-2).
-2
Let s = 36 + -40. Let t(i) be the third derivative of -i**4/12 - i**3/3 + 23*i**2. Calculate t(s).
6
Let m = 371 - 378. Let g(r) = -r - 3. Calculate g(m).
4
Let a(k) = -k + 1. Let v be 2*-1*(2 - (-12)/(-8)). Calculate a(v).
2
Let p(u) = u**3 - u + 6. Let x be p(0). Let h(q) = -3 - 4 - 17*q**2 + 18*q**2 - 4*q. What i